hat is the remainder when 30635 is divided by 333?
332
Calculate the remainder when 341 is divided by 22.
11
What is the remainder when 131 is divided by 17?
12
Calculate the remainder when 126 is divided by 34.
24
Calculate the remainder when 266 is divided by 89.
88
What is the remainder when 68 is divided by 24?
20
Calculate the remainder when 77 is divided by 76.
1
What is the remainder when 98 is divided by 17?
13
What is the remainder when 72 is divided by 29?
14
What is the remainder when 235 is divided by 59?
58
Calculate the remainder when 167 is divided by 42.
41
Calculate the remainder when 754 is divided by 76.
70
What is the remainder when 876 is divided by 14?
8
Calculate the remainder when 100 is divided by 85.
15
Calculate the remainder when 77 is divided by 13.
12
What is the remainder when 1123 is divided by 285?
268
Calculate the remainder when 28 is divided by 13.
2
Calculate the remainder when 103 is divided by 28.
19
What is the remainder when 3438 is divided by 1130?
48
What is the remainder when 13 is divided by 5?
3
Calculate the remainder when 75 is divided by 37.
1
Calculate the remainder when 194 is divided by 99.
95
Calculate the remainder when 236 is divided by 53.
24
Calculate the remainder when 293 is divided by 75.
68
What is the remainder when 1679 is divided by 80?
79
What is the remainder when 395 is divided by 12?
11
Calculate the remainder when 2731 is divided by 909.
4
Calculate the remainder when 18233 is divided by 97.
94
What is the remainder when 709 is divided by 14?
9
Calculate the remainder when 2665 is divided by 29.
26
What is the remainder when 248 is divided by 136?
112
Calculate the remainder when 38 is divided by 24.
14
What is the remainder when 447 is divided by 101?
43
What is the remainder when 330 is divided by 42?
36
Calculate the remainder when 891 is divided by 202.
83
What is the remainder when 215 is divided by 56?
47
Calculate the remainder when 907 is divided by 34.
23
Calculate the remainder when 4181 is divided by 15.
11
Calculate the remainder when 690 is divided by 99.
96
What is the remainder when 409 is divided by 68?
1
What is the remainder when 585 is divided by 194?
3
What is the remainder when 381 is divided by 124?
9
What is the remainder when 75 is divided by 40?
35
Calculate the remainder when 9 is divided by 4.
1
What is the remainder when 289 is divided by 102?
85
Calculate the remainder when 248 is divided by 30.
8
What is the remainder when 114 is divided by 38?
0
What is the remainder when 210 is divided by 66?
12
What is the remainder when 121 is divided by 57?
7
What is the remainder when 1274 is divided by 242?
64
What is the remainder when 75 is divided by 39?
36
Calculate the remainder when 8397 is divided by 150.
147
Calculate the remainder when 3745 is divided by 30.
25
Calculate the remainder when 366 is divided by 174.
18
What is the remainder when 467 is divided by 63?
26
What is the remainder when 65 is divided by 14?
9
Calculate the remainder when 21249 is divided by 25.
24
What is the remainder when 2643 is divided by 375?
18
What is the remainder when 462 is divided by 44?
22
What is the remainder when 1026 is divided by 307?
105
Calculate the remainder when 253 is divided by 20.
13
What is the remainder when 229 is divided by 21?
19
What is the remainder when 236 is divided by 24?
20
Calculate the remainder when 983 is divided by 21.
17
What is the remainder when 17427 is divided by 166?
163
What is the remainder when 1553 is divided by 772?
9
What is the remainder when 132 is divided by 67?
65
What is the remainder when 8890 is divided by 18?
16
Calculate the remainder when 5 is divided by 5.
0
What is the remainder when 4860 is divided by 64?
60
What is the remainder when 238 is divided by 73?
19
What is the remainder when 518 is divided by 40?
38
Calculate the remainder when 2237 is divided by 46.
29
Calculate the remainder when 543 is divided by 17.
16
What is the remainder when 1167 is divided by 104?
23
What is the remainder when 19936 is divided by 157?
154
Calculate the remainder when 265 is divided by 133.
132
What is the remainder when 200 is divided by 104?
96
What is the remainder when 1502 is divided by 16?
14
What is the remainder when 302 is divided by 22?
16
Calculate the remainder when 1206 is divided by 57.
9
What is the remainder when 75 is divided by 42?
33
Calculate the remainder when 726 is divided by 109.
72
What is the remainder when 1838 is divided by 80?
78
Calculate the remainder when 633 is divided by 198.
39
What is the remainder when 5247 is divided by 32?
31
Calculate the remainder when 383 is divided by 8.
7
What is the remainder when 947 is divided by 336?
275
Calculate the remainder when 115 is divided by 30.
25
What is the remainder when 1355 is divided by 23?
21
What is the remainder when 7416 is divided by 53?
49
Calculate the remainder when 591 is divided by 275.
41
Calculate the remainder when 14 is divided by 9.
5
What is the remainder when 1197 is divided by 24?
21
What is the remainder when 747 is divided by 8?
3
What is the remainder when 271 is divided by 51?
16
What is the remainder when 2451 is divided by 310?
281
What is the remainder when 230 is divided by 8?
6
What is the remainder when 228 is divided by 138?
90
What is the remainder when 1754 is divided by 220?
214
What is the remainder when 4318 is divided by 48?
46
What is the remainder when 824 is divided by 126?
68
What is the remainder when 376 is divided by 222?
154
Calculate the remainder when 373 is divided by 4.
1
What is the remainder when 477 is divided by 96?
93
Calculate the remainder when 126 is divided by 16.
14
What is the remainder when 3259 is divided by 51?
46
What is the remainder when 685 is divided by 24?
13
Calculate the remainder when 439 is divided by 112.
103
What is the remainder when 99 is divided by 59?
40
What is the remainder when 240 is divided by 43?
25
Calculate the remainder when 7027 is divided by 28.
27
Calculate the remainder when 17 is divided by 4.
1
What is the remainder when 298 is divided by 129?
40
What is the remainder when 3236 is divided by 40?
36
What is the remainder when 552 is divided by 40?
32
What is the remainder when 436 is divided by 53?
12
What is the remainder when 191 is divided by 24?
23
Calculate the remainder when 160 is divided by 119.
41
What is the remainder when 1174 is divided by 38?
34
Calculate the remainder when 24 is divided by 9.
6
What is the remainder when 303 is divided by 16?
15
What is the remainder when 270 is divided by 39?
36
What is the remainder when 208 is divided by 19?
18
Calculate the remainder when 469 is divided by 119.
112
What is the remainder when 52 is divided by 6?
4
What is the remainder when 208 is divided by 15?
13
Calculate the remainder when 582 is divided by 28.
22
What is the remainder when 88 is divided by 70?
18
Calculate the remainder when 6027 is divided by 11.
10
Calculate the remainder when 98 is divided by 20.
18
Calculate the remainder when 469 is divided by 19.
13
What is the remainder when 49 is divided by 41?
8
Calculate the remainder when 31 is divided by 8.
7
What is the remainder when 90 is divided by 7?
6
Calculate the remainder when 586 is divided by 31.
28
What is the remainder when 137 is divided by 39?
20
Calculate the remainder when 2413 is divided by 21.
19
What is the remainder when 2699 is divided by 447?
17
What is the remainder when 244 is divided by 36?
28
Calculate the remainder when 324 is divided by 315.
9
Calculate the remainder when 209 is divided by 120.
89
What is the remainder when 1623 is divided by 804?
15
What is the remainder when 147 is divided by 31?
23
What is the remainder when 139 is divided by 47?
45
Calculate the remainder when 196 is divided by 46.
12
What is the remainder when 3442 is divided by 201?
25
What is the remainder when 211 is divided by 13?
3
Calculate the remainder when 15368 is divided by 109.
108
What is the remainder when 878 is divided by 15?
8
What is the remainder when 1148 is divided by 307?
227
Calculate the remainder when 667 is divided by 21.
16
What is the remainder when 193 is divided by 17?
6
What is the remainder when 234 is divided by 87?
60
What is the remainder when 366 i